 and 65?
13
Let b = 75 - 64. Calculate the greatest common factor of b and 77.
11
Let p be -3 - -3 - (-12)/2. Suppose 44 = 2*n - d + 3*d, -4*n = -2*d - 106. Suppose -c + n + 17 = 0. Calculate the highest common factor of c and p.
6
Let f(h) = 2*h**3 + 9*h**2 + 8*h + 3. Let t be f(-3). What is the highest common factor of 42 and t?
6
Suppose 4*g - 2 - 6 = 0. Let a(q) = q**2 + 7*q - 6. Let k be a(-8). Suppose 5*m - 3 - 15 = -k*c, 5*c - 28 = -4*m. What is the greatest common factor of c and g?
2
Let a be (-722)/(-5) - 2/5. What is the greatest common factor of 9 and a?
9
Let v(s) = -21*s + 30. Let w be v(-5). Calculate the greatest common factor of w and 27.
27
Let x be (-54)/(-1 + -2) - -3. Suppose 2*p + 2*p = -300. Let i = p + 222. What is the greatest common factor of i and x?
21
Let c = 11 + 41. Suppose 5*a + c = u, 0 = u + 4*u + 2*a - 206. What is the greatest common divisor of 28 and u?
14
Let m be (-4)/12 + 52/3. What is the greatest common factor of m and 102?
17
Suppose -4*l - 3*q = 7 - 19, -5*l - q = -15. Suppose 2*c + o = -l*o + 4, 3*o - 6 = -3*c. Suppose -6*j + 9*j = 6. Calculate the highest common factor of j and c.
2
Let p be (6/4)/((-7)/14). Let l be p*(-2)/6*32. Calculate the greatest common factor of 64 and l.
32
Let i be ((-33)/15 - -3)*30. Calculate the highest common factor of 8 and i.
8
Let l be (-2)/((-5)/(25/2)). Let w(v) = v + 1. Let j be w(l). Suppose r + 4*o + 31 = 4*r, 2*r - 2*o - 20 = 0. Calculate the highest common divisor of j and r.
3
Let w be 10/3*1*-3. Let u be (-2)/(-5) + (-1246)/w. Suppose -5*a - 5*l = -u, -4*a - 5*l = -2*l - 101. What is the greatest common divisor of a and 13?
13
Let o(q) be the second derivative of q**4/6 + 7*q**3/6 - 6*q**2 - 3*q. Let b be o(-6). What is the greatest common divisor of 162 and b?
18
Let z(t) = -t**2 + 14*t - 6. Let l be z(13). Calculate the greatest common divisor of 56 and l.
7
Let m = -17 - -24. What is the highest common divisor of m and 21?
7
Suppose 2*d = -2*d + i + 219, 222 = 4*d + 2*i. Calculate the highest common divisor of 11 and d.
11
Let n(g) = -g**3 + 8*g**2 - 4*g - 3. Let j be n(5). Suppose -q = 4*v - j, 4*q - 2*v - 284 + 40 = 0. What is the greatest common factor of 24 and q?
12
Suppose -20 = 4*f, 4*x + 0*f = -2*f + 10. Let z(h) = 5*h - x*h + 5*h - 4. Let j be z(3). Calculate the highest common factor of 11 and j.
11
Let c be (-2*4)/((-1)/3). Let l = 16 + -11. Suppose 25 = 5*d, -l*z - 3*d + 29 = -1. Calculate the greatest common factor of c and z.
3
Let u be 2 + 14 + (-8 - -6). Calculate the highest common factor of 98 and u.
14
Suppose 5*c + 4*q - 6 = 2*q, 14 = 2*c - 5*q. Calculate the greatest common factor of c and 2.
2
Suppose q - 17 = 2*l, 4*q + 5*l + 60 = 193. Suppose -5*s + 30 = 5*a, -2*a + 7 = -s - 14. What is the greatest common factor of q and a?
9
Let h = -43 - -55. Calculate the highest common divisor of h and 30.
6
Let u(y) = -y**3 + 10*y**2 - 9*y - 1. Let w be u(8). Calculate the highest common divisor of w and 5.
5
Let a = 162 - 81. Let v be (-25 - -7)*(-2)/4. Calculate the highest common factor of v and a.
9
Let o = 4 + 2. Let d be (-1 + 2)/(o/54). Let y be 1*-1 + 27 + 1. Calculate the highest common factor of y and d.
9
Let h = 1 + -2. Let r = h + 4. Calculate the greatest common divisor of 27 and r.
3
Let a be 13 + 3 + 1/(-1). Let b(i) = i**2 - 2*i - 3. Let k be b(9). What is the highest common factor of k and a?
15
Suppose -t + 1 - 3 = 0. Let i be (3/12)/(t/(-40)). Suppose -14 = u + 5*d - 47, -2*d = i*u - 73. Calculate the greatest common divisor of 26 and u.
13
Suppose 2*s - 3*x = 160, -3*s + 3*x - 7*x = -274. Let l = 122 - s. Let b(g) = -g**2 + 6*g. Let i be b(3). What is the highest common factor of l and i?
9
Let u(d) = 74*d. Let b be u(3). Suppose 0 = -3*s - 0*s + b. Suppose -3*n + s = -190. Calculate the greatest common factor of n and 8.
8
Suppose 2*j + 0*j - 28 = 0. Let q be 619/4 + 15/(-20). Calculate the greatest common factor of j and q.
14
Let u(n) = n**2 + n + 4. Let v be u(-5). Suppose 2*g = -g + v. Calculate the greatest common factor of g and 1.
1
Suppose 4*g + 10 = 2*m, 5*m + 2*g = g + 14. Suppose 5*o + 3*h - 37 = 0, -13 + 56 = 5*o - m*h. Calculate the highest common divisor of o and 56.
8
Let i = 46 - 19. Suppose 4*c = -3*y + 35, 4*c - 4*y - i = y. Calculate the highest common divisor of 12 and c.
4
Let x be (-100)/12*(-12)/5. What is the highest common factor of x and 220?
20
Let v(w) be the third derivative of -w**4/6 + w**3/6 - 4*w**2. Let j be v(-2). What is the highest common factor of j and 63?
9
Let z(j) = j**3 + 10*j**2 - 11*j + 4. Let d be z(-11). Calculate the greatest common divisor of d and 8.
4
Suppose -2*y + 36 = 3*g, 2*y - 5*y - 12 = -g. Calculate the greatest common factor of 6 and g.
6
Let r(f) = 90*f - 1. Let j be r(1). Let b = j + -49. What is the highest common divisor of 5 and b?
5
Let k be (4/10)/(28/70). What is the highest common divisor of 7 and k?
1
Let x = -87 + 94. What is the greatest common factor of 1 and x?
1
Let t = 203 - 89. Calculate the highest common factor of 38 and t.
38
Suppose -2*v - 1 = 2*f + 5, -2*f + 12 = -4*v. Let o = 21 - 19. Suppose f = n + o*n - 168. Calculate the highest common divisor of 7 and n.
7
Suppose 3*f = 6*f - 84. What is the highest common factor of f and 42?
14
Let v(f) = -3*f**3 - 3*f - 3. Let y be v(-2). Suppose -2*z + 35 - 29 = 0. What is the highest common factor of y and z?
3
Suppose -3*g + g = 0. Suppose i + 3*i - 704 = g. Suppose -71 = j - i. Calculate the highest common divisor of 15 and j.
15
Suppose -41 = -4*s + 3*m, 4*s - s = m + 37. Calculate the highest common divisor of 77 and s.
7
Suppose 3*d - 56 = 19. Calculate the highest common factor of d and 75.
25
Let g be 6/(-2)*(-74)/6. What is the highest common divisor of g and 259?
37
Let p be 168 - (3 - 3)/(-4 + 5). Calculate the highest common factor of p and 21.
21
Suppose -c + 2*w = -22, -5*c = -3*c - w - 29. What is the greatest common factor of 132 and c?
12
Suppose -2*o + 0*y + 32 = -3*y, 5*o = -3*y + 122. Let t(p) = p**3 - 7*p**2 - p + 9. Let d be t(7). Calculate the highest common divisor of o and d.
2
Suppose 0 = 2*x - 5*x. Suppose x = 5*l + 46 - 186. What is the greatest common factor of 7 and l?
7
Let k be (14 + -10)*68/2. What is the greatest common divisor of k and 17?
17
Suppose -3*y + 12 = 2*i - 20, -4*i = y - 14. Let m = 170 - 60. Calculate the greatest common divisor of y and m.
10
Suppose -24 = -3*x + 5*l + 23, 0 = 2*x + l - 14. Suppose 4*m + 12 = 3*u, -x = -2*u + 2*m - 1. Calculate the highest common divisor of 28 and u.
4
Let t = 257 + -125. Suppose -3*u + t = -78. Calculate the highest common factor of u and 10.
10
Let b = -3 - -88. Let i(s) = -32*s + 13. Let m(z) = -8*z + 3. Let j(h) = -2*i(h) + 9*m(h). Let o be j(-2). What is the highest common divisor of b and o?
17
Let m = 71 + -48. Suppose -h - 3 + m = 0. Suppose 5*w = -5*j + 85, w + h = -3*w. Calculate the greatest common factor of j and 2.
2
Let z be 4/4*-8*-1. Suppose -17 = -2*p + 31. Calculate the greatest common factor of p and z.
8
Let x be 335/65 + (-6)/39. Calculate the highest common divisor of 20 and x.
5
Suppose 5*b - 95 = 5*f, -2*f - 58 = b - 4*b. Calculate the greatest common factor of b and 4.
4
Let n(p) = 5*p + 1. Let f be n(4). Suppose -l + 5*l - i = -f, 15 = -5*l + 5*i. Let u be -2 + (-5 + 2)*l. What is the greatest common factor of u and 176?
16
Suppose -138 = -a - 4*i + 149, 2*a = 5*i + 535. What is the highest common divisor of 25 and a?
25
Suppose -289 = 4*c - 105. Let w = -31 - c. Calculate the greatest common divisor of 30 and w.
15
Let f = -106 + 114. What is the greatest common factor of f and 4?
4
Let l = 0 + 1. Let i be -2 - (-6 + 3)*-1. Let k be 1 + -1 + (i - -6). What is the highest common factor of k and l?
1
Let s(o) = 13*o**2 + o + 1. Let j be s(-1). Calculate the greatest common divisor of 104 and j.
13
Let a = 10 + -6. Let g be (a - 5) + -1 + 4. Calculate the highest common factor of 6 and g.
2
Suppose 6 = 2*s + 2. Suppose -2*v + 18 = 2*l, -11 + 15 = 4*v - 4*l. Calculate the greatest common factor of s and v.
1
Let s(l) = 53*l**3 + 13*l**2 + 2*l. Let n(v) = 27*v**3 + 7*v**2 + v. Let a(i) = 11*n(i) - 6*s(i). Let j be a(-1). What is the greatest common factor of j and 7?
7
Let q(v) = -v + 3. Le